ase 15?
48d
What is -1010111011010101 (base 2) in base 9?
-67350
What is -8943 (base 11) in base 8?
-27010
-327 (base 8) to base 13
-137
-e1 (base 16) to base 9
-270
What is -b8 (base 14) in base 6?
-430
What is 2211023 (base 4) in base 9?
15445
c42 (base 14) to base 4
211222
23433 (base 5) to base 15
7b3
What is -113205 (base 8) in base 5?
-2213113
-3071 (base 8) to base 13
-957
Convert -3443 (base 16) to base 2.
-11010001000011
-515505 (base 6) to base 16
-a1e1
Convert 2000200 (base 3) to base 6.
10500
Convert 1826 (base 11) to base 2.
100100010111
What is 10c9 (base 15) in base 10?
3564
Convert -10022021 (base 3) to base 9.
-3267
Convert 1326 (base 13) to base 11.
2068
Convert -103 (base 16) to base 9.
-317
Convert -131532 (base 7) to base 6.
-305553
What is 1052 (base 6) in base 7?
503
Convert 1111403 (base 5) to base 3.
222220001
1c9 (base 14) to base 16
175
Convert 948 (base 10) to base 11.
792
-358 (base 12) to base 7
-1313
What is -1402 (base 7) in base 6?
-2301
What is 12c6 (base 13) in base 8?
5211
What is 745 (base 11) in base 3?
1020012
What is 26686 (base 9) in base 16?
468c
What is 2321 (base 5) in base 14?
1a0
-83681 (base 9) to base 10
-55234
What is -19b (base 14) in base 4?
-11031
-24023 (base 9) to base 16
-3ebb
579 (base 13) to base 8
1661
What is 110222120 (base 3) in base 12?
5589
What is -114 (base 5) in base 8?
-42
Convert 11221020 (base 3) to base 10.
3597
What is -28 (base 12) in base 10?
-32
Convert -267 (base 13) to base 15.
-1d3
-6744 (base 14) to base 15
-5481
What is -6039 (base 10) in base 2?
-1011110010111
What is -23527 (base 8) in base 11?
-7626
What is 20130100 (base 4) in base 8?
103420
-1e4 (base 15) to base 4
-12313
-91b9 (base 14) to base 8
-60737
What is -382 (base 11) in base 16?
-1c5
-2024 (base 11) to base 12
-1680
Convert -16331 (base 11) to base 8.
-54760
Convert -2310311 (base 5) to base 7.
-231333
What is -5106 (base 8) in base 14?
-d5c
-11101000 (base 2) to base 4
-3220
-2641 (base 11) to base 15
-103d
10c (base 13) to base 4
2311
Convert 677 (base 11) to base 2.
1100101010
What is 77b (base 15) in base 10?
1691
What is -71567 (base 8) in base 7?
-152115
What is -427 (base 10) in base 11?
-359
What is -1000001101010111 (base 2) in base 14?
-c379
What is 1c76 (base 15) in base 13?
2a7b
-295 (base 11) to base 12
-24a
What is -1231320 (base 5) in base 2?
-101110110011000
What is 13b6 (base 14) in base 10?
3492
What is 303102 (base 5) in base 7?
40335
-43d2 (base 14) to base 12
-6970
Convert 581 (base 10) to base 4.
21011
-1000001010000110 (base 2) to base 7
-166263
-145442 (base 6) to base 12
-8282
What is -756 (base 8) in base 2?
-111101110
What is 2765 (base 8) in base 13?
904
What is 2ad1 (base 16) in base 15?
33ab
Convert -3a45 (base 15) to base 10.
-12440
What is 3467 (base 9) in base 10?
2572
281 (base 15) to base 14
2cb
Convert -8d2e (base 15) to base 4.
-13110101
What is -72a (base 12) in base 16?
-412
Convert -20664 (base 8) to base 13.
-3c09
604b (base 13) to base 15
3dd0
What is 17151 (base 12) in base 7?
165214
-1000000 (base 2) to base 13
-4c
22112 (base 3) to base 8
346
-1343340 (base 6) to base 3
-10212011220
Convert 11202 (base 3) to base 2.
10000000
-1000101000000101 (base 2) to base 9
-53418
-1110000110101 (base 2) to base 9
-10813
What is 100012012 (base 3) in base 13?
3086
Convert 294 (base 10) to base 6.
1210
What is 11101321 (base 4) in base 15?
661a
211a (base 15) to base 3
100121021
What is -1221141 (base 5) in base 8?
-55400
Convert -161 (base 8) to base 9.
-135
Convert -168 (base 12) to base 2.
-11100000
-101110001 (base 3) to base 5
-220430
2303102 (base 4) to base 2
10110011010010
Convert 1921 (base 10) to base 6.
12521
What is -233111 (base 4) in base 2?
-101111010101
-157 (base 16) to base 3
-110201
-13210 (base 4) to base 10
-484
135414 (base 6) to base 5
403043
Convert 4351 (base 15) to base 10.
14251
Convert -2a80 (base 12) to base 6.
-35040
3606 (base 8) to base 2
11110000110
Convert 32123 (base 4) to base 9.
1235
-604 (base 10) to base 5
-4404
What is 216 (base 11) in base 7?
520
Convert 110032 (base 4) to base 15.
5b4
-6027 (base 8) to base 2
-110000010111
What is 176c (base 16) in base 7?
23324
What is 6032 (base 9) in base 2?
1000100110011
What is -957b (base 12) in base 3?
-211110012
Convert 23566 (base 10) to base 16.
5c0e
What is -19b (base 14) in base 2?
-101001101
Convert -bbc (base 14) to base 7.
-6525
What is -110111010 (base 2) in base 13?
-280
-4431 (base 5) to base 9
-754
What is 460 (base 10) in base 13?
295
Convert -16928 (base 12) to base 5.
-2014212
12468 (base 10) to base 9
18083
Convert 159b2 (base 12) to base 11.
21166
-602 (base 14) to base 9
-1548
Convert -601 (base 13) to base 3.
-1101121
-a3a4 (base 16) to base 3
-2010110120
1204 (base 11) to base 10
1577
-324 (base 6) to base 7
-235
What is -23214 (base 6) in base 10?
-3322
-1010000001010 (base 2) to base 3
-21001000
What is -416 (base 13) in base 5?
-10240
Convert 28a1 (base 12) to base 16.
1279
Convert 21102 (base 11) to base 15.
9191
-300122 (base 7) to base 3
-2120020212
Convert 16706 (base 11) to base 16.
5bb8
What is -2 (base 11) in base 2?
-10
-46706 (base 8) to base 15
-5d75
Convert -22320 (base 4) to base 14.
-37a
1e22 (base 15) to base 2
1100110011101
211020010 (base 3) to base 2
11111101001011
-24601 (base 8) to base 12
-6195
1ce5 (base 16) to base 9
11128
What is 167e (base 16) in base 13?
280c
Convert -630 (base 11) to base 7.
-2133
261 (base 14) to base 6
2113
What is -1001100 (base 2) in base 13?
-5b
What is -22300 (base 4) in base 5?
-10223
-3163 (base 10) to base 8
-6133
What is -100111100111 (base 2) in base 10?
-2535
What is -5682 (base 9) in base 4?
-1001231
What is -2224 (base 13) in base 5?
-123022
-2084 (base 10) to base 7
-6035
Convert -100110001010000 (base 2) to base 12.
-b380
110100010110011 (base 2) to base 7
141100
Convert -1113 (base 8) to base 14.
-2dd
What is -12032103 (base 4) in base 10?
-25491
-11166 (base 12) to base 7
-123066
-714f (base 16) to base 7
-150366
732a (base 13) to base 2
11111000110010
-622 (base 9) to base 8
-772
What is -1147 (base 9) in base 15?
-3bd
-2010 (base 4) to base 9
-156
What is 47127 (base 9) in base 8?
75335
10101101010 (base 2) to base 7
4020
Convert 697 (base 13) to base 4.
101302
-7113 (base 8) to base 3
-12000112
Convert 223241 (base 7) to base 2.
1001101010010100
Convert 343 (base 5) to base 2.
1100010
What is 300401 (base 5) in base 12?
5598
-35731 (base 11) to base 13
-1a565
What is -7b59 (base 16) in base 11?
-217a7
Convert 896 (base 13) to base 3.
2000122
18020 (base 11) to base 3
1021201110
10021120 (base 3) to base 8
4527
Convert 10102201 (base 3) to base 4.
213013
What is -2093b (base 12) in base 2?
-1010011100111111
Convert -233042 (base 6) to base 15.
-5e5e
-240 (base 6) to base 5
-341
What is -187 (base 11) in base 5?
-1331
Convert 1112221101 (base 3) to base 12.
1583a
What is -220 (base 9) in base 14?
-cc
2624 (base 9) to base 12
117a
What is -d7a (base 16) in base 11?
-2657
-2571 (base 12) to base 9
-5754
-10100111110 (base 2) to base 9
-1751
Convert 2394 (base 16) to base 3.
110111100
Convert -2324343 (base 5) to base 2.
-1010010111101001
30322 (base 4) to base 12
58a
Convert -24721 (base 9) to base 16.
-40f0
What is 1131103 (base 5) in base 4?
11010222
-1002120 (base 3) to base 16
-31e
Convert 69 (base 11) to base 9.
83
What is 1501 (base 8) in base 2?
1101000001
-1620 (base 12) to base 7
-10425
Convert 3100110 (base 4) to base 11.
a020
What is 700 (base 9) in base 8?
1067
Convert -a7 (base 15) to base 4.
-2131
Convert -5d5d (base 15) to base 8.
-46660
What is -10100011011 (base 2) in base 4?
-110123
27267 (base 8) to base 15
3824
Convert -210020222 (base 3) to base 15.
-48d2
Convert -3340 (base 5) to base 4.
-13112
What is 2132102 (base 5) in base 14?
d451
300 (base 11) to base 14
1bd
What is 436 (base 14) in base 15?
3a7
What is 47562 (base 9) in base 13?
1162a
What is 47 (base 13) in base 15?
3e
Convert -5463 (base 15) to base 4.
-10113030
-2a9 (base 13) to base 2
-111011101
What is b189 (base 15) in base 4?
21021213
Convert 822 (base 15) to base 3.
2111212
What is 28202 (base 10) in base 4?
12320222
313144 (base 5) to base 10
10424
Convert -11551 (base 7) to base 11.
-2300
Convert 101101 (base 3) to